 divided by 78519?
10
Calculate the remainder when 14430 is divided by 2580.
1530
Calculate the remainder when 2706815 is divided by 1272.
1271
What is the remainder when 206997 is divided by 588?
21
What is the remainder when 42970157 is divided by 40?
37
What is the remainder when 1833622 is divided by 752?
246
What is the remainder when 4529446 is divided by 48185?
56
What is the remainder when 90053465 is divided by 6?
5
Calculate the remainder when 25431820 is divided by 2524.
2520
Calculate the remainder when 81503 is divided by 639.
350
Calculate the remainder when 138660 is divided by 383.
14
Calculate the remainder when 52521 is divided by 24044.
4433
Calculate the remainder when 1517259 is divided by 8670.
9
What is the remainder when 535472 is divided by 1998?
8
Calculate the remainder when 685675 is divided by 397.
56
Calculate the remainder when 1614363 is divided by 79.
77
Calculate the remainder when 843630 is divided by 843613.
17
Calculate the remainder when 24621 is divided by 20560.
4061
What is the remainder when 133839202 is divided by 54?
40
What is the remainder when 23148804 is divided by 1219?
1213
What is the remainder when 33860233 is divided by 2788?
2761
What is the remainder when 33925195 is divided by 178?
175
What is the remainder when 142034 is divided by 1069?
926
Calculate the remainder when 174700415 is divided by 1947.
1946
What is the remainder when 51941 is divided by 2157?
173
What is the remainder when 352049 is divided by 116496?
2561
What is the remainder when 1179625 is divided by 79?
76
Calculate the remainder when 181905672 is divided by 82.
70
Calculate the remainder when 10292471 is divided by 10292470.
1
Calculate the remainder when 5163001 is divided by 166.
69
What is the remainder when 2049305 is divided by 1024645?
15
Calculate the remainder when 68988 is divided by 2652.
36
What is the remainder when 314160 is divided by 2151?
114
What is the remainder when 1784942 is divided by 14?
12
What is the remainder when 361080 is divided by 4550?
1630
What is the remainder when 411218608 is divided by 170?
168
Calculate the remainder when 17181174 is divided by 409.
311
Calculate the remainder when 322476172 is divided by 318.
4
What is the remainder when 2902251 is divided by 109?
17
Calculate the remainder when 93588 is divided by 28977.
6657
Calculate the remainder when 91923 is divided by 3897.
2292
What is the remainder when 465116 is divided by 116274?
20
Calculate the remainder when 395634 is divided by 131872.
18
What is the remainder when 22715281 is divided by 110?
61
What is the remainder when 38110418 is divided by 470?
468
Calculate the remainder when 72663046 is divided by 216.
214
What is the remainder when 32552513 is divided by 20?
13
What is the remainder when 13581577 is divided by 156110?
7
Calculate the remainder when 48975 is divided by 16109.
648
Calculate the remainder when 1052377 is divided by 11978.
10291
What is the remainder when 4731467 is divided by 157715?
17
Calculate the remainder when 1414581 is divided by 5681.
12
What is the remainder when 7094 is divided by 1672?
406
Calculate the remainder when 20686189 is divided by 209.
205
Calculate the remainder when 80471 is divided by 26692.
395
Calculate the remainder when 5183167 is divided by 1744.
1743
What is the remainder when 299635417 is divided by 98?
25
Calculate the remainder when 1757281 is divided by 121.
119
Calculate the remainder when 1169354 is divided by 83524.
18
Calculate the remainder when 110078988 is divided by 755.
743
Calculate the remainder when 1294573 is divided by 1834.
1603
Calculate the remainder when 51438 is divided by 47001.
4437
Calculate the remainder when 1534545 is divided by 73068.
117
Calculate the remainder when 36467 is divided by 1656.
35
What is the remainder when 994205 is divided by 24241?
324
Calculate the remainder when 15714964 is divided by 32.
20
What is the remainder when 136094 is divided by 19431?
77
What is the remainder when 539167 is divided by 9840?
7807
Calculate the remainder when 694656 is divided by 6.
0
Calculate the remainder when 8893986 is divided by 494.
10
Calculate the remainder when 2020518 is divided by 1207.
0
What is the remainder when 1424365 is divided by 1117?
190
What is the remainder when 1887514 is divided by 2060?
554
Calculate the remainder when 1031545 is divided by 343838.
31
Calculate the remainder when 67638343 is divided by 15.
13
Calculate the remainder when 2427069 is divided by 9671.
9319
What is the remainder when 3391773 is divided by 378?
357
What is the remainder when 21453484 is divided by 195?
169
Calculate the remainder when 153034410 is divided by 103.
100
What is the remainder when 2600123 is divided by 1009?
939
What is the remainder when 7761269 is divided by 3265?
364
Calculate the remainder when 1041965 is divided by 541.
540
Calculate the remainder when 233736423 is divided by 116868206.
11
What is the remainder when 16581129 is divided by 1305?
1104
What is the remainder when 4596126 is divided by 4596099?
27
Calculate the remainder when 17805322 is divided by 213.
13
Calculate the remainder when 10058684 is divided by 14.
6
Calculate the remainder when 108756 is divided by 26716.
1892
Calculate the remainder when 1258951 is divided by 2528.
7
What is the remainder when 14035 is divided by 2686?
605
Calculate the remainder when 1399 is divided by 71.
50
What is the remainder when 57892490 is divided by 82?
80
Calculate the remainder when 409619 is divided by 890.
219
What is the remainder when 267006 is divided by 490?
446
What is the remainder when 684755 is divided by 3389?
177
What is the remainder when 30772766 is divided by 3423?
3419
Calculate the remainder when 77832 is divided by 3112.
32
Calculate the remainder when 669396 is divided by 111564.
12
Calculate the remainder when 4366917 is divided by 16114.
23
Calculate the remainder when 117172660 is divided by 58586327.
6
Calculate the remainder when 473622 is divided by 24914.
256
Calculate the remainder when 1835139 is divided by 14116.
59
Calculate the remainder when 327095 is divided by 163520.
55
Calculate the remainder when 21171676 is divided by 784136.
4
Calculate the remainder when 70606 is divided by 2580.
946
What is the remainder when 6259284 is divided by 18?
0
What is the remainder when 2254376 is divided by 119?
40
Calculate the remainder when 1923779 is divided by 313.
81
What is the remainder when 1247346 is divided by 207889?
12
Calculate the remainder when 17364255 is divided by 32.
31
What is the remainder when 8471265 is divided by 100848?
33
Calculate the remainder when 19307990 is divided by 26341.
37
Calculate the remainder when 1214452 is divided by 361.
48
Calculate the remainder when 6466552 is divided by 256.
248
What is the remainder when 119479 is divided by 119470?
9
Calculate the remainder when 9007056 is divided by 973.
968
Calculate the remainder when 220307 is divided by 7131.
6377
What is the remainder when 47430 is divided by 13652?
6474
What is the remainder when 66077303 is divided by 2278527?
20
Calculate the remainder when 818202 is divided by 818201.
1
What is the remainder when 5705780 is divided by 2621?
2484
What is the remainder when 1566107 is divided by 236?
11
What is the remainder when 31559963 is divided by 145?
133
What is the remainder when 924933 is divided by 2584?
2445
Calculate the remainder when 187478 is divided by 2010.
548
Calculate the remainder when 2121656 is divided by 50.
6
Calculate the remainder when 350211 is divided by 8073.
3072
Calculate the remainder when 7335823 is divided by 29942.
33
What is the remainder when 9600965 is divided by 603?
602
What is the remainder when 124208 is divided by 216?
8
What is the remainder when 286836 is divided by 1713?
765
What is the remainder when 690873 is divided by 138163?
58
Calculate the remainder when 47648077 is divided by 281941.
48
Calculate the remainder when 27388 is divided by 3856.
396
What is the remainder when 918541 is divided by 661?
412
Calculate the remainder when 7772183 is divided by 228592.
55
What is the remainder when 409808 is divided by 8332?
1540
Calculate the remainder when 640766 is divided by 79960.
1086
What is the remai